{"id":909,"date":"2017-09-26T11:10:46","date_gmt":"2017-09-26T11:10:46","guid":{"rendered":"http:\/\/www.stopptgennahrungsmittel.de\/?page_id=909"},"modified":"2017-10-04T08:50:55","modified_gmt":"2017-10-04T08:50:55","slug":"mexiko","status":"publish","type":"page","link":"https:\/\/www.stopptgennahrungsmittel.de\/?page_id=909","title":{"rendered":"Mexiko"},"content":{"rendered":"<hr \/>\n<h3>Parallelbericht Mexiko 2017\/2018<\/h3>\n<div id=\"attachment_926\" style=\"width: 188px\" class=\"wp-caption alignleft\"><a href=\"http:\/\/www.stopptgennahrungsmittel.de\/wp-content\/uploads\/2017\/09\/Mexiko-2017-INFORME-FINAL-spanisch1.pdf\"><img loading=\"lazy\" decoding=\"async\" aria-describedby=\"caption-attachment-926\" class=\"wp-image-926\" src=\"http:\/\/www.stopptgennahrungsmittel.de\/wp-content\/uploads\/2017\/09\/Seiten-aus-Mexiko-2017-INFORME-FINAL-spanisch1-232x300.jpg\" alt=\"\" width=\"178\" height=\"230\" srcset=\"https:\/\/www.stopptgennahrungsmittel.de\/wp-content\/uploads\/2017\/09\/Seiten-aus-Mexiko-2017-INFORME-FINAL-spanisch1-232x300.jpg 232w, https:\/\/www.stopptgennahrungsmittel.de\/wp-content\/uploads\/2017\/09\/Seiten-aus-Mexiko-2017-INFORME-FINAL-spanisch1-768x994.jpg 768w, https:\/\/www.stopptgennahrungsmittel.de\/wp-content\/uploads\/2017\/09\/Seiten-aus-Mexiko-2017-INFORME-FINAL-spanisch1-791x1024.jpg 791w, https:\/\/www.stopptgennahrungsmittel.de\/wp-content\/uploads\/2017\/09\/Seiten-aus-Mexiko-2017-INFORME-FINAL-spanisch1-116x150.jpg 116w, https:\/\/www.stopptgennahrungsmittel.de\/wp-content\/uploads\/2017\/09\/Seiten-aus-Mexiko-2017-INFORME-FINAL-spanisch1.jpg 816w\" sizes=\"auto, (max-width: 178px) 100vw, 178px\" \/><\/a><p id=\"caption-attachment-926\" class=\"wp-caption-text\">Informe paralelo espagnol<\/p><\/div>\n<div id=\"attachment_924\" style=\"width: 188px\" class=\"wp-caption alignleft\"><a href=\"http:\/\/www.stopptgennahrungsmittel.de\/wp-content\/uploads\/2017\/09\/Parallelbericht-Mexiko-deutsch-Endfassung.pdf\"><img loading=\"lazy\" decoding=\"async\" aria-describedby=\"caption-attachment-924\" class=\"wp-image-924\" src=\"http:\/\/www.stopptgennahrungsmittel.de\/wp-content\/uploads\/2017\/09\/Seiten-aus-Parallelbericht-Mexiko-deutsch-Endfassung-232x300.jpg\" alt=\"\" width=\"178\" height=\"230\" srcset=\"https:\/\/www.stopptgennahrungsmittel.de\/wp-content\/uploads\/2017\/09\/Seiten-aus-Parallelbericht-Mexiko-deutsch-Endfassung-232x300.jpg 232w, https:\/\/www.stopptgennahrungsmittel.de\/wp-content\/uploads\/2017\/09\/Seiten-aus-Parallelbericht-Mexiko-deutsch-Endfassung-768x994.jpg 768w, https:\/\/www.stopptgennahrungsmittel.de\/wp-content\/uploads\/2017\/09\/Seiten-aus-Parallelbericht-Mexiko-deutsch-Endfassung-791x1024.jpg 791w, https:\/\/www.stopptgennahrungsmittel.de\/wp-content\/uploads\/2017\/09\/Seiten-aus-Parallelbericht-Mexiko-deutsch-Endfassung-116x150.jpg 116w, https:\/\/www.stopptgennahrungsmittel.de\/wp-content\/uploads\/2017\/09\/Seiten-aus-Parallelbericht-Mexiko-deutsch-Endfassung.jpg 816w\" sizes=\"auto, (max-width: 178px) 100vw, 178px\" \/><\/a><p id=\"caption-attachment-924\" class=\"wp-caption-text\">Parallelbericht deutsch<\/p><\/div>\n<div id=\"attachment_922\" style=\"width: 173px\" class=\"wp-caption alignleft\"><a href=\"http:\/\/www.stopptgennahrungsmittel.de\/wp-content\/uploads\/2017\/09\/Parallelbericht-Mexiko-PM-dt..pdf\"><img loading=\"lazy\" decoding=\"async\" aria-describedby=\"caption-attachment-922\" class=\"wp-image-922\" src=\"http:\/\/www.stopptgennahrungsmittel.de\/wp-content\/uploads\/2017\/09\/Seiten-aus-Parallelbericht-Mexiko-PM-dt.-212x300.jpg\" alt=\"\" width=\"163\" height=\"230\" srcset=\"https:\/\/www.stopptgennahrungsmittel.de\/wp-content\/uploads\/2017\/09\/Seiten-aus-Parallelbericht-Mexiko-PM-dt.-212x300.jpg 212w, https:\/\/www.stopptgennahrungsmittel.de\/wp-content\/uploads\/2017\/09\/Seiten-aus-Parallelbericht-Mexiko-PM-dt.-768x1086.jpg 768w, https:\/\/www.stopptgennahrungsmittel.de\/wp-content\/uploads\/2017\/09\/Seiten-aus-Parallelbericht-Mexiko-PM-dt.-724x1024.jpg 724w, https:\/\/www.stopptgennahrungsmittel.de\/wp-content\/uploads\/2017\/09\/Seiten-aus-Parallelbericht-Mexiko-PM-dt.-106x150.jpg 106w, https:\/\/www.stopptgennahrungsmittel.de\/wp-content\/uploads\/2017\/09\/Seiten-aus-Parallelbericht-Mexiko-PM-dt..jpg 794w\" sizes=\"auto, (max-width: 163px) 100vw, 163px\" \/><\/a><p id=\"caption-attachment-922\" class=\"wp-caption-text\">Pressemeldung deutsch<\/p><\/div>\n<hr \/>\n<h3>Mexikanische Imker klagen ihre eigene Regierung und Monsanto an<\/h3>\n<h3><img loading=\"lazy\" decoding=\"async\" class=\"size-medium wp-image-914 alignright\" src=\"http:\/\/www.stopptgennahrungsmittel.de\/wp-content\/uploads\/2017\/09\/Kopie-von-IMG-20170926-WA0003-300x225.jpg\" alt=\"\" width=\"300\" height=\"225\" srcset=\"https:\/\/www.stopptgennahrungsmittel.de\/wp-content\/uploads\/2017\/09\/Kopie-von-IMG-20170926-WA0003-300x225.jpg 300w, https:\/\/www.stopptgennahrungsmittel.de\/wp-content\/uploads\/2017\/09\/Kopie-von-IMG-20170926-WA0003-768x576.jpg 768w, https:\/\/www.stopptgennahrungsmittel.de\/wp-content\/uploads\/2017\/09\/Kopie-von-IMG-20170926-WA0003-150x113.jpg 150w, https:\/\/www.stopptgennahrungsmittel.de\/wp-content\/uploads\/2017\/09\/Kopie-von-IMG-20170926-WA0003.jpg 800w\" sizes=\"auto, (max-width: 300px) 100vw, 300px\" \/><\/h3>\n<p>Am 25. Sept. 2017 sollte eigentlich die Anh\u00f6rung vor dem UN-Menschenrechtsausschuss im Rahmen der <a href=\"http:\/\/tbinternet.ohchr.org\/_layouts\/treatybodyexternal\/SessionDetails1.aspx?SessionID=1149&amp;Lang=en\"><span id=\"ctl00_PlaceHolderMain_tdTreatyName\" class=\"SessionSubtitle\">CESCR &#8211; International Covenant on Economic, Social and Cultural Rights<br \/>\n<\/span><\/a><a href=\"http:\/\/tbinternet.ohchr.org\/_layouts\/treatybodyexternal\/SessionDetails1.aspx?SessionID=1149&amp;Lang=en\"><span id=\"ctl00_PlaceHolderMain_tdSessionNo\" class=\"SessionSubtitle\">62 Session (18 Sep 2017 &#8211; 06 Oct 2017)\u00a0<\/span><\/a>stattfinden. Wegen des schweren Erdbebens wurde die Anh\u00f6rung jedoch vor\u00e4ufig verschoben. Trotzdem begab sich die mexikanische Delegation auf die geplante Rundreise durch Deutschland und \u00d6sterreich, um in Vortr\u00e4gen und Diskussionen auf die Verletzung der Menschenrechte in Mexico durch Agrogentechnik, Landraub und Einsatz von Chemie aufmerksam zu machen. Besonders betroffen sind die ImkerInnen Mexicos, die wegen Genkontamination ihrer Honigprodukte nicht mehr nach Europa exportieren k\u00f6nnen und deshalb vor dem Ruin stehen. Maya-Imkerin Leydi Aracely (Yucat\u00e1n) zeigt die Anklageschrift vor dem Palais Wilson in Genf.<\/p>\n<p><img loading=\"lazy\" decoding=\"async\" class=\"size-medium wp-image-915 alignright\" src=\"http:\/\/www.stopptgennahrungsmittel.de\/wp-content\/uploads\/2017\/09\/Kopie-von-IMG_0424-300x200.jpg\" alt=\"\" width=\"300\" height=\"200\" srcset=\"https:\/\/www.stopptgennahrungsmittel.de\/wp-content\/uploads\/2017\/09\/Kopie-von-IMG_0424-300x200.jpg 300w, https:\/\/www.stopptgennahrungsmittel.de\/wp-content\/uploads\/2017\/09\/Kopie-von-IMG_0424-768x512.jpg 768w, https:\/\/www.stopptgennahrungsmittel.de\/wp-content\/uploads\/2017\/09\/Kopie-von-IMG_0424-150x100.jpg 150w, https:\/\/www.stopptgennahrungsmittel.de\/wp-content\/uploads\/2017\/09\/Kopie-von-IMG_0424.jpg 800w\" sizes=\"auto, (max-width: 300px) 100vw, 300px\" \/>Die Rundreise begann beim \u00d6ko&amp;Fair Umweltzentrum in Gauting, dem Sitz der Aktion GEN-Klage. Sie f\u00fchrt weiter zur Schweisguth-Stiftung in M\u00fcnchen, nach Innsbruck, zum Imker Karlheinz Bablok in Kaisheim, zu &#8222;Naturland&#8220; in Gr\u00e4felfing und ins EineWelt-Haus in M\u00fcnchen. Weitere Stationen sind K\u00f6ln und Berlin.<\/p>\n<p><em>Von l. Gerold Schmidt, Irma G\u00f3mez G\u00f3nzalez, Christiane L\u00fcst (Aktion GEN-Klage), Leydy Aracely (Imkerin)<\/em><\/p>\n<p><strong>Irma G\u00f3mez Gonz\u00e1lez<\/strong> ist Diplom-Agronomin mit einem Aufbaustudium in sozialer Waldwirtschaft und absolviert derzeit das Doktorat im Bereich l\u00e4ndliche Entwicklung. Seit 1994 arbeitet sie auf der Halbinsel Yucat\u00e1n und ist dabei immer dem Thema nachhaltige landwirtschaftliche Entwicklung verbunden gewesen. Unter anderem ber\u00e4t sie eine regionale ImkerInnenvereinigung und f\u00f6rdet Prozesse, die auf die \u00f6kologische Landwirtschaft und die Organisation der Bev\u00f6lkerung abzielen. Sie unterst\u00fctzt die Ausbildung junger StudentInnen im Hinblick auf deren Einsatz in den l\u00e4ndlichen Maya-Regionen. Eines ihrer Hauptthemen ist die Wirkung von Pestiziden auf die menschliche Gesundheit und das \u00d6kosystem.<\/p>\n<p>Seit 2010 arbeitet Irma Gonz\u00e1lez mit Gruppen und Organisationen im Landkreis Hopelch\u00e9n, Bundesstaat Campeche zusammen. Mit <strong>Muuch Kambal<\/strong> (\u201eZusammen lernen\u201c) organisierte sie die regionale Vernetzung, nachdem der Anbau von Gensoja in der Region und die m\u00f6glichen Sch\u00e4den f\u00fcr die Bienenzucht bekannt wurden. Daraus entstand die Gruppierung \u201e<strong>Colectivo Ap\u00edcola de Los Chenes<\/strong>\u201c, das ImkerInnenkollektiv <strong>Los Chenes<\/strong>, welches sich j\u00fcngst in Kollektiv der Maya-Gemeinden Los Chenes umbenannte. Die Gruppierung spielt eine herausragende Rolle beim Einsatz (auf rechtlicher, organisatorischer und Medienebene) gegen den Anbau von Gensoja und die industrielle Landwirtschaft in der Region. In diesem Zusammenhang gibt es eine enge Zusammenarbeit mit der juristisch beratenden Menschenrechtsorganisation \u201e<strong>Indignaci\u00f3n<\/strong>\u201c aus dem Nachbarbundesstaat Yucat\u00e1n.<\/p>\n<p>Nun warten alle auf einen neuen Anh\u00f6rungstermin 2018 in Genf.<\/p>\n<hr \/>\n<h3>Bericht in Radio BR2 \u00fcber die Mexiko-Delegation<\/h3>\n<p><a href=\"http:\/\/www.br.de\/radio\/bayern2\/sendungen\/notizbuch\/maya-honig-gensoja-100.html\">Podcast<\/a><\/p>\n<p><a href=\"http:\/\/www.br.de\/radio\/bayern2\/sendungen\/notizbuch\/gensoja-honig-mexiko-100.html\">Bericht zur Sendung<\/a><\/p>\n<p>&nbsp;<\/p>\n","protected":false},"excerpt":{"rendered":"<p>Parallelbericht Mexiko 2017\/2018 Mexikanische Imker klagen ihre eigene Regierung und Monsanto an Am 25. Sept. 2017 sollte eigentlich die Anh\u00f6rung vor dem UN-Menschenrechtsausschuss im Rahmen der CESCR &#8211; International Covenant on Economic, Social and Cultural Rights 62 Session (18 Sep 2017 &#8211; 06 Oct 2017)\u00a0stattfinden. Wegen des schweren Erdbebens wurde\u2026<\/p>\n<p> <a class=\"continue-reading-link\" href=\"https:\/\/www.stopptgennahrungsmittel.de\/?page_id=909\"><span>weiter lesen &#8230;<\/span><i class=\"crycon-right-dir\"><\/i><\/a> <\/p>\n","protected":false},"author":1,"featured_media":0,"parent":0,"menu_order":0,"comment_status":"closed","ping_status":"closed","template":"","meta":{"jetpack_post_was_ever_published":false,"footnotes":""},"class_list":["post-909","page","type-page","status-publish","hentry"],"jetpack_sharing_enabled":true,"jetpack_shortlink":"https:\/\/wp.me\/P7YsNH-eF","_links":{"self":[{"href":"https:\/\/www.stopptgennahrungsmittel.de\/index.php?rest_route=\/wp\/v2\/pages\/909","targetHints":{"allow":["GET"]}}],"collection":[{"href":"https:\/\/www.stopptgennahrungsmittel.de\/index.php?rest_route=\/wp\/v2\/pages"}],"about":[{"href":"https:\/\/www.stopptgennahrungsmittel.de\/index.php?rest_route=\/wp\/v2\/types\/page"}],"author":[{"embeddable":true,"href":"https:\/\/www.stopptgennahrungsmittel.de\/index.php?rest_route=\/wp\/v2\/users\/1"}],"replies":[{"embeddable":true,"href":"https:\/\/www.stopptgennahrungsmittel.de\/index.php?rest_route=%2Fwp%2Fv2%2Fcomments&post=909"}],"version-history":[{"count":16,"href":"https:\/\/www.stopptgennahrungsmittel.de\/index.php?rest_route=\/wp\/v2\/pages\/909\/revisions"}],"predecessor-version":[{"id":940,"href":"https:\/\/www.stopptgennahrungsmittel.de\/index.php?rest_route=\/wp\/v2\/pages\/909\/revisions\/940"}],"wp:attachment":[{"href":"https:\/\/www.stopptgennahrungsmittel.de\/index.php?rest_route=%2Fwp%2Fv2%2Fmedia&parent=909"}],"curies":[{"name":"wp","href":"https:\/\/api.w.org\/{rel}","templated":true}]}}

<hr />
<h3>Parallelbericht Mexiko 2017/2018</h3>
<div id="attachment_926" style="width: 188px" class="wp-caption alignleft"><a href="http://www.stopptgennahrungsmittel.de/wp-content/uploads/2017/09/Mexiko-2017-INFORME-FINAL-spanisch1.pdf"><img loading="lazy" decoding="async" aria-describedby="caption-attachment-926" class="wp-image-926" src="http://www.stopptgennahrungsmittel.de/wp-content/uploads/2017/09/Seiten-aus-Mexiko-2017-INFORME-FINAL-spanisch1-232x300.jpg" alt="" width="178" height="230" srcset="https://www.stopptgennahrungsmittel.de/wp-content/uploads/2017/09/Seiten-aus-Mexiko-2017-INFORME-FINAL-spanisch1-232x300.jpg 232w, https://www.stopptgennahrungsmittel.de/wp-content/uploads/2017/09/Seiten-aus-Mexiko-2017-INFORME-FINAL-spanisch1-768x994.jpg 768w, https://www.stopptgennahrungsmittel.de/wp-content/uploads/2017/09/Seiten-aus-Mexiko-2017-INFORME-FINAL-spanisch1-791x1024.jpg 791w, https://www.stopptgennahrungsmittel.de/wp-content/uploads/2017/09/Seiten-aus-Mexiko-2017-INFORME-FINAL-spanisch1-116x150.jpg 116w, https://www.stopptgennahrungsmittel.de/wp-content/uploads/2017/09/Seiten-aus-Mexiko-2017-INFORME-FINAL-spanisch1.jpg 816w" sizes="auto, (max-width: 178px) 100vw, 178px" /></a><p id="caption-attachment-926" class="wp-caption-text">Informe paralelo espagnol</p></div>
<div id="attachment_924" style="width: 188px" class="wp-caption alignleft"><a href="http://www.stopptgennahrungsmittel.de/wp-content/uploads/2017/09/Parallelbericht-Mexiko-deutsch-Endfassung.pdf"><img loading="lazy" decoding="async" aria-describedby="caption-attachment-924" class="wp-image-924" src="http://www.stopptgennahrungsmittel.de/wp-content/uploads/2017/09/Seiten-aus-Parallelbericht-Mexiko-deutsch-Endfassung-232x300.jpg" alt="" width="178" height="230" srcset="https://www.stopptgennahrungsmittel.de/wp-content/uploads/2017/09/Seiten-aus-Parallelbericht-Mexiko-deutsch-Endfassung-232x300.jpg 232w, https://www.stopptgennahrungsmittel.de/wp-content/uploads/2017/09/Seiten-aus-Parallelbericht-Mexiko-deutsch-Endfassung-768x994.jpg 768w, https://www.stopptgennahrungsmittel.de/wp-content/uploads/2017/09/Seiten-aus-Parallelbericht-Mexiko-deutsch-Endfassung-791x1024.jpg 791w, https://www.stopptgennahrungsmittel.de/wp-content/uploads/2017/09/Seiten-aus-Parallelbericht-Mexiko-deutsch-Endfassung-116x150.jpg 116w, https://www.stopptgennahrungsmittel.de/wp-content/uploads/2017/09/Seiten-aus-Parallelbericht-Mexiko-deutsch-Endfassung.jpg 816w" sizes="auto, (max-width: 178px) 100vw, 178px" /></a><p id="caption-attachment-924" class="wp-caption-text">Parallelbericht deutsch</p></div>
<div id="attachment_922" style="width: 173px" class="wp-caption alignleft"><a href="http://www.stopptgennahrungsmittel.de/wp-content/uploads/2017/09/Parallelbericht-Mexiko-PM-dt..pdf"><img loading="lazy" decoding="async" aria-describedby="caption-attachment-922" class="wp-image-922" src="http://www.stopptgennahrungsmittel.de/wp-content/uploads/2017/09/Seiten-aus-Parallelbericht-Mexiko-PM-dt.-212x300.jpg" alt="" width="163" height="230" srcset="https://www.stopptgennahrungsmittel.de/wp-content/uploads/2017/09/Seiten-aus-Parallelbericht-Mexiko-PM-dt.-212x300.jpg 212w, https://www.stopptgennahrungsmittel.de/wp-content/uploads/2017/09/Seiten-aus-Parallelbericht-Mexiko-PM-dt.-768x1086.jpg 768w, https://www.stopptgennahrungsmittel.de/wp-content/uploads/2017/09/Seiten-aus-Parallelbericht-Mexiko-PM-dt.-724x1024.jpg 724w, https://www.stopptgennahrungsmittel.de/wp-content/uploads/2017/09/Seiten-aus-Parallelbericht-Mexiko-PM-dt.-106x150.jpg 106w, https://www.stopptgennahrungsmittel.de/wp-content/uploads/2017/09/Seiten-aus-Parallelbericht-Mexiko-PM-dt..jpg 794w" sizes="auto, (max-width: 163px) 100vw, 163px" /></a><p id="caption-attachment-922" class="wp-caption-text">Pressemeldung deutsch</p></div>
<hr />
<h3>Mexikanische Imker klagen ihre eigene Regierung und Monsanto an</h3>
<h3><img loading="lazy" decoding="async" class="size-medium wp-image-914 alignright" src="http://www.stopptgennahrungsmittel.de/wp-content/uploads/2017/09/Kopie-von-IMG-20170926-WA0003-300x225.jpg" alt="" width="300" height="225" srcset="https://www.stopptgennahrungsmittel.de/wp-content/uploads/2017/09/Kopie-von-IMG-20170926-WA0003-300x225.jpg 300w, https://www.stopptgennahrungsmittel.de/wp-content/uploads/2017/09/Kopie-von-IMG-20170926-WA0003-768x576.jpg 768w, https://www.stopptgennahrungsmittel.de/wp-content/uploads/2017/09/Kopie-von-IMG-20170926-WA0003-150x113.jpg 150w, https://www.stopptgennahrungsmittel.de/wp-content/uploads/2017/09/Kopie-von-IMG-20170926-WA0003.jpg 800w" sizes="auto, (max-width: 300px) 100vw, 300px" /></h3>
<p>Am 25. Sept. 2017 sollte eigentlich die Anhörung vor dem UN-Menschenrechtsausschuss im Rahmen der <a href="http://tbinternet.ohchr.org/_layouts/treatybodyexternal/SessionDetails1.aspx?SessionID=1149&amp;Lang=en"><span id="ctl00_PlaceHolderMain_tdTreatyName" class="SessionSubtitle">CESCR &#8211; International Covenant on Economic, Social and Cultural Rights<br />
</span></a><a href="http://tbinternet.ohchr.org/_layouts/treatybodyexternal/SessionDetails1.aspx?SessionID=1149&amp;Lang=en"><span id="ctl00_PlaceHolderMain_tdSessionNo" class="SessionSubtitle">62 Session (18 Sep 2017 &#8211; 06 Oct 2017) </span></a>stattfinden. Wegen des schweren Erdbebens wurde die Anhörung jedoch voräufig verschoben. Trotzdem begab sich die mexikanische Delegation auf die geplante Rundreise durch Deutschland und Österreich, um in Vorträgen und Diskussionen auf die Verletzung der Menschenrechte in Mexico durch Agrogentechnik, Landraub und Einsatz von Chemie aufmerksam zu machen. Besonders betroffen sind die ImkerInnen Mexicos, die wegen Genkontamination ihrer Honigprodukte nicht mehr nach Europa exportieren können und deshalb vor dem Ruin stehen. Maya-Imkerin Leydi Aracely (Yucatán) zeigt die Anklageschrift vor dem Palais Wilson in Genf.</p>
<p><img loading="lazy" decoding="async" class="size-medium wp-image-915 alignright" src="http://www.stopptgennahrungsmittel.de/wp-content/uploads/2017/09/Kopie-von-IMG_0424-300x200.jpg" alt="" width="300" height="200" srcset="https://www.stopptgennahrungsmittel.de/wp-content/uploads/2017/09/Kopie-von-IMG_0424-300x200.jpg 300w, https://www.stopptgennahrungsmittel.de/wp-content/uploads/2017/09/Kopie-von-IMG_0424-768x512.jpg 768w, https://www.stopptgennahrungsmittel.de/wp-content/uploads/2017/09/Kopie-von-IMG_0424-150x100.jpg 150w, https://www.stopptgennahrungsmittel.de/wp-content/uploads/2017/09/Kopie-von-IMG_0424.jpg 800w" sizes="auto, (max-width: 300px) 100vw, 300px" />Die Rundreise begann beim Öko&amp;Fair Umweltzentrum in Gauting, dem Sitz der Aktion GEN-Klage. Sie führt weiter zur Schweisguth-Stiftung in München, nach Innsbruck, zum Imker Karlheinz Bablok in Kaisheim, zu &#8222;Naturland&#8220; in Gräfelfing und ins EineWelt-Haus in München. Weitere Stationen sind Köln und Berlin.</p>
<p><em>Von l. Gerold Schmidt, Irma Gómez Gónzalez, Christiane Lüst (Aktion GEN-Klage), Leydy Aracely (Imkerin)</em></p>
<p><strong>Irma Gómez González</strong> ist Diplom-Agronomin mit einem Aufbaustudium in sozialer Waldwirtschaft und absolviert derzeit das Doktorat im Bereich ländliche Entwicklung. Seit 1994 arbeitet sie auf der Halbinsel Yucatán und ist dabei immer dem Thema nachhaltige landwirtschaftliche Entwicklung verbunden gewesen. Unter anderem berät sie eine regionale ImkerInnenvereinigung und fördet Prozesse, die auf die ökologische Landwirtschaft und die Organisation der Bevölkerung abzielen. Sie unterstützt die Ausbildung junger StudentInnen im Hinblick auf deren Einsatz in den ländlichen Maya-Regionen. Eines ihrer Hauptthemen ist die Wirkung von Pestiziden auf die menschliche Gesundheit und das Ökosystem.</p>
<p>Seit 2010 arbeitet Irma González mit Gruppen und Organisationen im Landkreis Hopelchén, Bundesstaat Campeche zusammen. Mit <strong>Muuch Kambal</strong> („Zusammen lernen“) organisierte sie die regionale Vernetzung, nachdem der Anbau von Gensoja in der Region und die möglichen Schäden für die Bienenzucht bekannt wurden. Daraus entstand die Gruppierung „<strong>Colectivo Apícola de Los Chenes</strong>“, das ImkerInnenkollektiv <strong>Los Chenes</strong>, welches sich jüngst in Kollektiv der Maya-Gemeinden Los Chenes umbenannte. Die Gruppierung spielt eine herausragende Rolle beim Einsatz (auf rechtlicher, organisatorischer und Medienebene) gegen den Anbau von Gensoja und die industrielle Landwirtschaft in der Region. In diesem Zusammenhang gibt es eine enge Zusammenarbeit mit der juristisch beratenden Menschenrechtsorganisation „<strong>Indignación</strong>“ aus dem Nachbarbundesstaat Yucatán.</p>
<p>Nun warten alle auf einen neuen Anhörungstermin 2018 in Genf.</p>
<hr />
<h3>Bericht in Radio BR2 über die Mexiko-Delegation</h3>
<p><a href="http://www.br.de/radio/bayern2/sendungen/notizbuch/maya-honig-gensoja-100.html">Podcast</a></p>
<p><a href="http://www.br.de/radio/bayern2/sendungen/notizbuch/gensoja-honig-mexiko-100.html">Bericht zur Sendung</a></p>
<p>&nbsp;</p>

<p>Parallelbericht Mexiko 2017/2018 Mexikanische Imker klagen ihre eigene Regierung und Monsanto an Am 25. Sept. 2017 sollte eigentlich die Anhörung vor dem UN-Menschenrechtsausschuss im Rahmen der CESCR &#8211; International Covenant on Economic, Social and Cultural Rights 62 Session (18 Sep 2017 &#8211; 06 Oct 2017) stattfinden. Wegen des schweren Erdbebens wurde…</p>
<p> <a class="continue-reading-link" href="https://www.stopptgennahrungsmittel.de/?page_id=909"><span>weiter lesen &#8230;</span><i class="crycon-right-dir"></i></a> </p>
