{"id":674,"date":"2015-09-16T06:29:39","date_gmt":"2015-09-16T06:29:39","guid":{"rendered":"http:\/\/www.stopptgennahrungsmittel.de\/?page_id=674"},"modified":"2015-10-16T10:03:00","modified_gmt":"2015-10-16T10:03:00","slug":"links","status":"publish","type":"page","link":"https:\/\/www.stopptgennahrungsmittel.de\/?page_id=674","title":{"rendered":"Links"},"content":{"rendered":"<h3>Gentechnik im Pflanzenbau<\/h3>\n<p><a href=\"http:\/\/gut-gemacht.123webseite.de\/\">http:\/\/gut-gemacht.123webseite.de\/<\/a><\/p>\n<div id=\"attachment_681\" style=\"width: 310px\" class=\"wp-caption alignright\"><a href=\"http:\/\/www.stopptgennahrungsmittel.de\/wp-content\/uploads\/2015\/09\/Gottfried.jpg\"><img loading=\"lazy\" decoding=\"async\" aria-describedby=\"caption-attachment-681\" class=\"size-medium wp-image-681\" src=\"http:\/\/www.stopptgennahrungsmittel.de\/wp-content\/uploads\/2015\/09\/Gottfried-300x199.jpg\" alt=\"Gottfried Gl\u00f6ckner\" width=\"300\" height=\"199\" srcset=\"https:\/\/www.stopptgennahrungsmittel.de\/wp-content\/uploads\/2015\/09\/Gottfried-300x199.jpg 300w, https:\/\/www.stopptgennahrungsmittel.de\/wp-content\/uploads\/2015\/09\/Gottfried-226x150.jpg 226w, https:\/\/www.stopptgennahrungsmittel.de\/wp-content\/uploads\/2015\/09\/Gottfried-150x100.jpg 150w, https:\/\/www.stopptgennahrungsmittel.de\/wp-content\/uploads\/2015\/09\/Gottfried.jpg 624w\" sizes=\"auto, (max-width: 300px) 100vw, 300px\" \/><\/a><p id=\"caption-attachment-681\" class=\"wp-caption-text\">Gottfried Gl\u00f6ckner<\/p><\/div>\n<p>Gottfried Gl\u00f6ckner ist Gesch\u00e4digter der Agro-Gentechnik. Er verlor durch die F\u00fctterung mit\u00a0 BT-Mais seine ganze Kuhherde. Die Schadenersatzklage gegen den Chemie-Konzern Syngenta bezahlte er teuer mit \u00fcblen Nachstellungen und pers\u00f6nlichen Diffamierungen. Trotzdem blieb Gottfried standhaft und unerschrocken. Heute ist er Berater zahlreicher L\u00e4nder, wenn es um die Agrogentechnik geht.<\/p>\n<hr \/>\n<p>&nbsp;<\/p>\n<h3>Zivilcourage Starnberg<\/h3>\n<p><a href=\"http:\/\/www.stopptgennahrungsmittel.de\/wp-content\/uploads\/2015\/09\/zivilcourage-starnberg-logo.png\"><img loading=\"lazy\" decoding=\"async\" class=\"size-full wp-image-675 alignright\" src=\"http:\/\/www.stopptgennahrungsmittel.de\/wp-content\/uploads\/2015\/09\/zivilcourage-starnberg-logo.png\" alt=\"zivilcourage-starnberg-logo\" width=\"308\" height=\"100\" srcset=\"https:\/\/www.stopptgennahrungsmittel.de\/wp-content\/uploads\/2015\/09\/zivilcourage-starnberg-logo.png 308w, https:\/\/www.stopptgennahrungsmittel.de\/wp-content\/uploads\/2015\/09\/zivilcourage-starnberg-logo-300x97.png 300w, https:\/\/www.stopptgennahrungsmittel.de\/wp-content\/uploads\/2015\/09\/zivilcourage-starnberg-logo-250x81.png 250w, https:\/\/www.stopptgennahrungsmittel.de\/wp-content\/uploads\/2015\/09\/zivilcourage-starnberg-logo-150x49.png 150w\" sizes=\"auto, (max-width: 308px) 100vw, 308px\" \/><\/a><a href=\"http:\/\/www.zivilcourage-starnberg.bayern\/\">www.zivilcourage-starnberg.bayern<\/a><\/p>\n<p><span style=\"font-size: 12pt;\">Wir von der Zivilcourage Starnberg sehen uns als Interessengemeinschaft f\u00fcr Verbraucher, Landwirte, Imker, Umweltsch\u00fctzer, Hersteller und Vermarkter von unverf\u00e4lschten Lebensmitteln. <\/span><\/p>\n<p><span style=\"font-size: 12pt;\">Bei Verbrauchern und Bauern herrscht gro\u00dfe Abneigung gegen\u00fcber der \u201eAgro-Gentechnik\u201c. Die Auswirkungen genver\u00e4nderter Pflanzen auf Menschen und Tiere, ja die gesamte Natur sind nicht kalkulierbar. Genver\u00e4nderte Pflanzen breiten sich aus auf \u00c4cker und Wiesen und in der Umgebung durch Pollenflug, Insekten, Wind, genauso wie durch verunreinigtes Saatgut.<\/span><\/p>\n<p><span style=\"font-size: 12pt;\"><strong>Sind genver\u00e4nderte Organismen einmal frei in der Umwelt, sind sie nie mehr r\u00fcckholbar auch wenn sie sich als sch\u00e4dlich f\u00fcr Mensch und Umwelt erweist.<\/strong><\/span><\/p>\n<p><span style=\"font-size: 12pt;\">Von Industrie und Politik werden Risiken und Gefahren f\u00fcr Leben und Gesundheit von Mensch und Tier verharmlost oder einfach verschwiegen. Langj\u00e4hrige Praxiserfahrungen in L\u00e4ndern S\u00fcd- und Mittelamerikas, sowie in Asien zeigen, dass ein Nebeneinander von genver\u00e4nderter und konventioneller, biologischer Landwirtschaft nicht m\u00f6glich ist.<\/span><\/p>\n<p><span style=\"font-size: 12pt;\">Bereits 2008 haben sich die Landwirte des Landkreises Starnberg selbst verpflichtet, auf den Anbau gentechnisch ver\u00e4nderter Pflanzen zu verzichten. Der Kreistag hat sich am 27.07.2009 ebenfalls gegen den Anbau gentechnisch ver\u00e4nderter Pflanzen ausgesprochen.<\/span><\/p>\n<h4><span style=\"font-size: 12pt;\"><strong>Agro-Gentechnik ist die Einbahnstrasse in eine Sackgasse<\/strong><\/span><\/h4>\n<h3><span style=\"font-size: 12pt;\">Bitte unterst\u00fctzen Sie uns in unseren Bem\u00fchungen um einen\u00a0Agro-Gentechnikfreien Landkreis Starnberg<\/span><\/h3>\n<hr \/>\n<p>&nbsp;<\/p>\n","protected":false},"excerpt":{"rendered":"<p>Gentechnik im Pflanzenbau http:\/\/gut-gemacht.123webseite.de\/ Gottfried Gl\u00f6ckner ist Gesch\u00e4digter der Agro-Gentechnik. Er verlor durch die F\u00fctterung mit\u00a0 BT-Mais seine ganze Kuhherde. Die Schadenersatzklage gegen den Chemie-Konzern Syngenta bezahlte er teuer mit \u00fcblen Nachstellungen und pers\u00f6nlichen Diffamierungen. Trotzdem blieb Gottfried standhaft und unerschrocken. Heute ist er Berater zahlreicher L\u00e4nder, wenn es um\u2026<\/p>\n<p> <a class=\"continue-reading-link\" href=\"https:\/\/www.stopptgennahrungsmittel.de\/?page_id=674\"><span>weiter lesen &#8230;<\/span><i class=\"crycon-right-dir\"><\/i><\/a> <\/p>\n","protected":false},"author":1,"featured_media":0,"parent":0,"menu_order":0,"comment_status":"closed","ping_status":"closed","template":"","meta":{"jetpack_post_was_ever_published":false,"footnotes":""},"class_list":["post-674","page","type-page","status-publish","hentry"],"jetpack_sharing_enabled":true,"jetpack_shortlink":"https:\/\/wp.me\/P7YsNH-aS","_links":{"self":[{"href":"https:\/\/www.stopptgennahrungsmittel.de\/index.php?rest_route=\/wp\/v2\/pages\/674","targetHints":{"allow":["GET"]}}],"collection":[{"href":"https:\/\/www.stopptgennahrungsmittel.de\/index.php?rest_route=\/wp\/v2\/pages"}],"about":[{"href":"https:\/\/www.stopptgennahrungsmittel.de\/index.php?rest_route=\/wp\/v2\/types\/page"}],"author":[{"embeddable":true,"href":"https:\/\/www.stopptgennahrungsmittel.de\/index.php?rest_route=\/wp\/v2\/users\/1"}],"replies":[{"embeddable":true,"href":"https:\/\/www.stopptgennahrungsmittel.de\/index.php?rest_route=%2Fwp%2Fv2%2Fcomments&post=674"}],"version-history":[{"count":4,"href":"https:\/\/www.stopptgennahrungsmittel.de\/index.php?rest_route=\/wp\/v2\/pages\/674\/revisions"}],"predecessor-version":[{"id":683,"href":"https:\/\/www.stopptgennahrungsmittel.de\/index.php?rest_route=\/wp\/v2\/pages\/674\/revisions\/683"}],"wp:attachment":[{"href":"https:\/\/www.stopptgennahrungsmittel.de\/index.php?rest_route=%2Fwp%2Fv2%2Fmedia&parent=674"}],"curies":[{"name":"wp","href":"https:\/\/api.w.org\/{rel}","templated":true}]}}

<h3>Gentechnik im Pflanzenbau</h3>
<p><a href="http://gut-gemacht.123webseite.de/">http://gut-gemacht.123webseite.de/</a></p>
<div id="attachment_681" style="width: 310px" class="wp-caption alignright"><a href="http://www.stopptgennahrungsmittel.de/wp-content/uploads/2015/09/Gottfried.jpg"><img loading="lazy" decoding="async" aria-describedby="caption-attachment-681" class="size-medium wp-image-681" src="http://www.stopptgennahrungsmittel.de/wp-content/uploads/2015/09/Gottfried-300x199.jpg" alt="Gottfried Glöckner" width="300" height="199" srcset="https://www.stopptgennahrungsmittel.de/wp-content/uploads/2015/09/Gottfried-300x199.jpg 300w, https://www.stopptgennahrungsmittel.de/wp-content/uploads/2015/09/Gottfried-226x150.jpg 226w, https://www.stopptgennahrungsmittel.de/wp-content/uploads/2015/09/Gottfried-150x100.jpg 150w, https://www.stopptgennahrungsmittel.de/wp-content/uploads/2015/09/Gottfried.jpg 624w" sizes="auto, (max-width: 300px) 100vw, 300px" /></a><p id="caption-attachment-681" class="wp-caption-text">Gottfried Glöckner</p></div>
<p>Gottfried Glöckner ist Geschädigter der Agro-Gentechnik. Er verlor durch die Fütterung mit  BT-Mais seine ganze Kuhherde. Die Schadenersatzklage gegen den Chemie-Konzern Syngenta bezahlte er teuer mit üblen Nachstellungen und persönlichen Diffamierungen. Trotzdem blieb Gottfried standhaft und unerschrocken. Heute ist er Berater zahlreicher Länder, wenn es um die Agrogentechnik geht.</p>
<hr />
<p>&nbsp;</p>
<h3>Zivilcourage Starnberg</h3>
<p><a href="http://www.stopptgennahrungsmittel.de/wp-content/uploads/2015/09/zivilcourage-starnberg-logo.png"><img loading="lazy" decoding="async" class="size-full wp-image-675 alignright" src="http://www.stopptgennahrungsmittel.de/wp-content/uploads/2015/09/zivilcourage-starnberg-logo.png" alt="zivilcourage-starnberg-logo" width="308" height="100" srcset="https://www.stopptgennahrungsmittel.de/wp-content/uploads/2015/09/zivilcourage-starnberg-logo.png 308w, https://www.stopptgennahrungsmittel.de/wp-content/uploads/2015/09/zivilcourage-starnberg-logo-300x97.png 300w, https://www.stopptgennahrungsmittel.de/wp-content/uploads/2015/09/zivilcourage-starnberg-logo-250x81.png 250w, https://www.stopptgennahrungsmittel.de/wp-content/uploads/2015/09/zivilcourage-starnberg-logo-150x49.png 150w" sizes="auto, (max-width: 308px) 100vw, 308px" /></a><a href="http://www.zivilcourage-starnberg.bayern/">www.zivilcourage-starnberg.bayern</a></p>
<p><span style="font-size: 12pt;">Wir von der Zivilcourage Starnberg sehen uns als Interessengemeinschaft für Verbraucher, Landwirte, Imker, Umweltschützer, Hersteller und Vermarkter von unverfälschten Lebensmitteln. </span></p>
<p><span style="font-size: 12pt;">Bei Verbrauchern und Bauern herrscht große Abneigung gegenüber der „Agro-Gentechnik“. Die Auswirkungen genveränderter Pflanzen auf Menschen und Tiere, ja die gesamte Natur sind nicht kalkulierbar. Genveränderte Pflanzen breiten sich aus auf Äcker und Wiesen und in der Umgebung durch Pollenflug, Insekten, Wind, genauso wie durch verunreinigtes Saatgut.</span></p>
<p><span style="font-size: 12pt;"><strong>Sind genveränderte Organismen einmal frei in der Umwelt, sind sie nie mehr rückholbar auch wenn sie sich als schädlich für Mensch und Umwelt erweist.</strong></span></p>
<p><span style="font-size: 12pt;">Von Industrie und Politik werden Risiken und Gefahren für Leben und Gesundheit von Mensch und Tier verharmlost oder einfach verschwiegen. Langjährige Praxiserfahrungen in Ländern Süd- und Mittelamerikas, sowie in Asien zeigen, dass ein Nebeneinander von genveränderter und konventioneller, biologischer Landwirtschaft nicht möglich ist.</span></p>
<p><span style="font-size: 12pt;">Bereits 2008 haben sich die Landwirte des Landkreises Starnberg selbst verpflichtet, auf den Anbau gentechnisch veränderter Pflanzen zu verzichten. Der Kreistag hat sich am 27.07.2009 ebenfalls gegen den Anbau gentechnisch veränderter Pflanzen ausgesprochen.</span></p>
<h4><span style="font-size: 12pt;"><strong>Agro-Gentechnik ist die Einbahnstrasse in eine Sackgasse</strong></span></h4>
<h3><span style="font-size: 12pt;">Bitte unterstützen Sie uns in unseren Bemühungen um einen Agro-Gentechnikfreien Landkreis Starnberg</span></h3>
<hr />
<p>&nbsp;</p>

<p>Gentechnik im Pflanzenbau http://gut-gemacht.123webseite.de/ Gottfried Glöckner ist Geschädigter der Agro-Gentechnik. Er verlor durch die Fütterung mit  BT-Mais seine ganze Kuhherde. Die Schadenersatzklage gegen den Chemie-Konzern Syngenta bezahlte er teuer mit üblen Nachstellungen und persönlichen Diffamierungen. Trotzdem blieb Gottfried standhaft und unerschrocken. Heute ist er Berater zahlreicher Länder, wenn es um…</p>
<p> <a class="continue-reading-link" href="https://www.stopptgennahrungsmittel.de/?page_id=674"><span>weiter lesen &#8230;</span><i class="crycon-right-dir"></i></a> </p>
