{"id":17,"date":"2014-12-09T19:51:37","date_gmt":"2014-12-09T19:51:37","guid":{"rendered":"http:\/\/www.stopptgennahrungsmittel.de\/?page_id=17"},"modified":"2017-09-13T07:45:01","modified_gmt":"2017-09-13T07:45:01","slug":"impressum","status":"publish","type":"page","link":"https:\/\/www.stopptgennahrungsmittel.de\/?page_id=17","title":{"rendered":"Impressum"},"content":{"rendered":"<address><strong>Christiane L\u00fcst<\/strong><br \/>\nBerengariastr. 5<br \/>\n82131 Gauting<br \/>\nEmail: <span style=\"text-decoration: underline;\">info[at]stopptgennahrungsmittel.de<\/span><br \/>\nTel.: 089 \/ 893 11 054<br \/>\nFax: 089 \/ 893 98 446<br \/>\nHomepage: <a href=\"http:\/\/www.stopptgennahrungsmittel.de\">www.stopptgennahrungsmittel.de<\/a><\/address>\n<hr \/>\n<h4>Inhaltlich verantwortlich gem\u00e4\u00df \u00a7 6 MDStV<\/h4>\n<p>Webmaster: Karl Heinz Jobst:<br \/>\n<span style=\"text-decoration: underline;\">webmaster[at]stopptgennahrungsmittel.de<\/span><br \/>\nPhotos: Karl Heinz Jobst, Photocase<\/p>\n<hr \/>\n<h4>Wichtiger Hinweis zu allen Links:<\/h4>\n<p>Mit Urteil vom 12. Mai 1998 &#8211; 312 O 85\/98 &#8211; &#8222;Haftung f\u00fcr Links&#8220; hat das Landgericht (LG) Hamburg entschieden, dass man durch die Anbringung eines Links die Inhalte der gelinkten Seite ggf. mit zu verantworten hat. Dies kann &#8211; so das LG &#8211; nur dadurch verhindert werden, dass man sich ausdr\u00fccklich von diesen Inhalten distanziert. Hiermit distanzieren wir uns ausdr\u00fccklich von allen Inhalten aller gelinkten Seiten auf unserer Homepage und machen uns diese Inhalte nicht zu eigen. Diese Erkl\u00e4rung gilt f\u00fcr alle in diesem Projekt angebrachten Links.<\/p>\n<hr \/>\n<h4>Haftungsausschluss:<\/h4>\n<p>Die bereitgestellten Informationen in diesem Projekt wurden sorgf\u00e4ltig gepr\u00fcft und werden regelm\u00e4\u00dfig aktualisiert. Jedoch kann keine Garantie daf\u00fcr \u00fcbernommen werden, dass alle Angaben zu jeder Zeit vollst\u00e4ndig, richtig und in letzter Aktualit\u00e4t dargestellt sind. Dies gilt insbesondere f\u00fcr alle Verbindungen (&#8222;Links&#8220;) zu anderen Web Sites, auf die direkt oder indirekt verwiesen wird. Alle Angaben k\u00f6nnen ohne vorherige Ank\u00fcndigung erg\u00e4nzt, entfernt oder ge\u00e4ndert werden.<\/p>\n<hr \/>\n<p class=\"text\">\n","protected":false},"excerpt":{"rendered":"<p>Christiane L\u00fcst Berengariastr. 5 82131 Gauting Email: info[at]stopptgennahrungsmittel.de Tel.: 089 \/ 893 11 054 Fax: 089 \/ 893 98 446 Homepage: www.stopptgennahrungsmittel.de Inhaltlich verantwortlich gem\u00e4\u00df \u00a7 6 MDStV Webmaster: Karl Heinz Jobst: webmaster[at]stopptgennahrungsmittel.de Photos: Karl Heinz Jobst, Photocase Wichtiger Hinweis zu allen Links: Mit Urteil vom 12. Mai 1998 &#8211;\u2026<\/p>\n<p> <a class=\"continue-reading-link\" href=\"https:\/\/www.stopptgennahrungsmittel.de\/?page_id=17\"><span>weiter lesen &#8230;<\/span><i class=\"crycon-right-dir\"><\/i><\/a> <\/p>\n","protected":false},"author":1,"featured_media":0,"parent":0,"menu_order":0,"comment_status":"closed","ping_status":"closed","template":"","meta":{"jetpack_post_was_ever_published":false,"footnotes":""},"class_list":["post-17","page","type-page","status-publish","hentry"],"jetpack_sharing_enabled":true,"jetpack_shortlink":"https:\/\/wp.me\/P7YsNH-h","_links":{"self":[{"href":"https:\/\/www.stopptgennahrungsmittel.de\/index.php?rest_route=\/wp\/v2\/pages\/17","targetHints":{"allow":["GET"]}}],"collection":[{"href":"https:\/\/www.stopptgennahrungsmittel.de\/index.php?rest_route=\/wp\/v2\/pages"}],"about":[{"href":"https:\/\/www.stopptgennahrungsmittel.de\/index.php?rest_route=\/wp\/v2\/types\/page"}],"author":[{"embeddable":true,"href":"https:\/\/www.stopptgennahrungsmittel.de\/index.php?rest_route=\/wp\/v2\/users\/1"}],"replies":[{"embeddable":true,"href":"https:\/\/www.stopptgennahrungsmittel.de\/index.php?rest_route=%2Fwp%2Fv2%2Fcomments&post=17"}],"version-history":[{"count":13,"href":"https:\/\/www.stopptgennahrungsmittel.de\/index.php?rest_route=\/wp\/v2\/pages\/17\/revisions"}],"predecessor-version":[{"id":860,"href":"https:\/\/www.stopptgennahrungsmittel.de\/index.php?rest_route=\/wp\/v2\/pages\/17\/revisions\/860"}],"wp:attachment":[{"href":"https:\/\/www.stopptgennahrungsmittel.de\/index.php?rest_route=%2Fwp%2Fv2%2Fmedia&parent=17"}],"curies":[{"name":"wp","href":"https:\/\/api.w.org\/{rel}","templated":true}]}}