{"id":133,"date":"2014-12-16T13:33:57","date_gmt":"2014-12-16T13:33:57","guid":{"rendered":"http:\/\/www.stopptgennahrungsmittel.de\/?page_id=133"},"modified":"2025-05-25T20:05:20","modified_gmt":"2025-05-25T20:05:20","slug":"argentinien","status":"publish","type":"page","link":"https:\/\/www.stopptgennahrungsmittel.de\/?page_id=133","title":{"rendered":"Kolumbien"},"content":{"rendered":"<div class=\"wp-block-image\">\n<figure class=\"alignright\"><a href=\"http:\/\/www.stopptgennahrungsmittel.de\/wp-content\/uploads\/2014\/12\/kolumbi.gif\"><img loading=\"lazy\" decoding=\"async\" width=\"150\" height=\"113\" src=\"http:\/\/www.stopptgennahrungsmittel.de\/wp-content\/uploads\/2014\/12\/kolumbi-150x113.gif\" alt=\"kolumbi\" class=\"wp-image-366\"\/><\/a><\/figure>\n<\/div>\n\n\n<p><\/p>\n\n\n\n<hr class=\"wp-block-separator has-alpha-channel-opacity\"\/>\n\n\n\n<h3 class=\"wp-block-heading\">Parallelbericht 2017<\/h3>\n\n\n\n<div><\/div>\n\n\n<div class=\"wp-block-image\">\n<figure class=\"alignleft\"><a href=\"http:\/\/www.stopptgennahrungsmittel.de\/wp-content\/uploads\/2014\/12\/Concludings-Colombia-2017-espagnol.pdf\" target=\"_blank\" rel=\" noreferrer noopener\"><img loading=\"lazy\" decoding=\"async\" width=\"212\" height=\"300\" src=\"http:\/\/www.stopptgennahrungsmittel.de\/wp-content\/uploads\/2014\/12\/concludings-colombia-2017-espagnol-212x300.jpg\" alt=\"\" class=\"wp-image-945\" srcset=\"https:\/\/www.stopptgennahrungsmittel.de\/wp-content\/uploads\/2014\/12\/concludings-colombia-2017-espagnol-212x300.jpg 212w, https:\/\/www.stopptgennahrungsmittel.de\/wp-content\/uploads\/2014\/12\/concludings-colombia-2017-espagnol-768x1085.jpg 768w, https:\/\/www.stopptgennahrungsmittel.de\/wp-content\/uploads\/2014\/12\/concludings-colombia-2017-espagnol-725x1024.jpg 725w, https:\/\/www.stopptgennahrungsmittel.de\/wp-content\/uploads\/2014\/12\/concludings-colombia-2017-espagnol-106x150.jpg 106w, https:\/\/www.stopptgennahrungsmittel.de\/wp-content\/uploads\/2014\/12\/concludings-colombia-2017-espagnol.jpg 1241w\" sizes=\"auto, (max-width: 212px) 100vw, 212px\" \/><\/a><figcaption class=\"wp-element-caption\">concludings Columbia 2017 espagnol<\/figcaption><\/figure>\n<\/div>\n\n\n<div>&nbsp;<\/div>\n\n\n\n<div>&nbsp;<\/div>\n\n\n\n<div>&nbsp;<\/div>\n\n\n\n<div>&nbsp;<\/div>\n\n\n\n<div>&nbsp;<\/div>\n\n\n\n<div>&nbsp;<\/div>\n\n\n\n<div>&nbsp;<\/div>\n\n\n\n<div>&nbsp;<\/div>\n\n\n\n<div>&nbsp;<\/div>\n\n\n\n<div>&nbsp;<\/div>\n\n\n\n<div>&nbsp;<\/div>\n\n\n\n<div>&nbsp;<\/div>\n\n\n\n<div>&nbsp;<\/div>\n\n\n\n<div>&nbsp;<\/div>\n\n\n\n<div><hr>\n<p>zum UN-Dokumentenarchiv:<\/p>\n<\/div>\n\n\n\n<div class=\"Left\"><span style=\"text-decoration: underline;\"><a href=\"http:\/\/tbinternet.ohchr.org\/_layouts\/treatybodyexternal\/SessionDetails1.aspx?SessionID=1149&amp;Lang=en\"><span id=\"ctl00_PlaceHolderMain_tdTreatyName\" class=\"SessionSubtitle\">CESCR &#8211; International Covenant on Economic, Social and Cultural Rights<br><\/span><\/a><\/span><a href=\"http:\/\/tbinternet.ohchr.org\/_layouts\/treatybodyexternal\/SessionDetails1.aspx?SessionID=1149&amp;Lang=en\"><span id=\"ctl00_PlaceHolderMain_tdSessionNo\" class=\"SessionSubtitle\"><span style=\"text-decoration: underline;\">62 Session (18 Sep 2017 &#8211; 06 Oct 2017)<\/span><\/span><\/a><\/div>\n\n\n\n<div style=\"text-align: left;\">&nbsp;<\/div>\n\n\n<div class=\"wp-block-image\">\n<figure class=\"alignleft\"><a href=\"http:\/\/www.stopptgennahrungsmittel.de\/wp-content\/uploads\/2014\/12\/Parallelbericht-Colombia-Final-2017.pdf\" target=\"_blank\" rel=\" noreferrer noopener\"><img loading=\"lazy\" decoding=\"async\" width=\"232\" height=\"300\" src=\"http:\/\/www.stopptgennahrungsmittel.de\/wp-content\/uploads\/2014\/12\/1.Seite-aus-Parallelbericht-Colombia-Final-2017-232x300.jpg\" alt=\"\" class=\"wp-image-870\" srcset=\"https:\/\/www.stopptgennahrungsmittel.de\/wp-content\/uploads\/2014\/12\/1.Seite-aus-Parallelbericht-Colombia-Final-2017-232x300.jpg 232w, https:\/\/www.stopptgennahrungsmittel.de\/wp-content\/uploads\/2014\/12\/1.Seite-aus-Parallelbericht-Colombia-Final-2017-768x994.jpg 768w, https:\/\/www.stopptgennahrungsmittel.de\/wp-content\/uploads\/2014\/12\/1.Seite-aus-Parallelbericht-Colombia-Final-2017-791x1024.jpg 791w, https:\/\/www.stopptgennahrungsmittel.de\/wp-content\/uploads\/2014\/12\/1.Seite-aus-Parallelbericht-Colombia-Final-2017-116x150.jpg 116w, https:\/\/www.stopptgennahrungsmittel.de\/wp-content\/uploads\/2014\/12\/1.Seite-aus-Parallelbericht-Colombia-Final-2017.jpg 816w\" sizes=\"auto, (max-width: 232px) 100vw, 232px\" \/><\/a><figcaption class=\"wp-element-caption\">Bericht espagnol<\/figcaption><\/figure>\n<\/div>\n\n<div class=\"wp-block-image\">\n<figure class=\"alignleft\"><a href=\"http:\/\/www.stopptgennahrungsmittel.de\/wp-content\/uploads\/2014\/12\/PM-1-Kolumbien-2017-D.pdf\" target=\"_blank\" rel=\" noreferrer noopener\"><img loading=\"lazy\" decoding=\"async\" width=\"212\" height=\"300\" src=\"http:\/\/www.stopptgennahrungsmittel.de\/wp-content\/uploads\/2014\/12\/PM-1-Kolumbien-2017-D_Seite_1-212x300.jpg\" alt=\"\" class=\"wp-image-881\" srcset=\"https:\/\/www.stopptgennahrungsmittel.de\/wp-content\/uploads\/2014\/12\/PM-1-Kolumbien-2017-D_Seite_1-212x300.jpg 212w, https:\/\/www.stopptgennahrungsmittel.de\/wp-content\/uploads\/2014\/12\/PM-1-Kolumbien-2017-D_Seite_1-768x1086.jpg 768w, https:\/\/www.stopptgennahrungsmittel.de\/wp-content\/uploads\/2014\/12\/PM-1-Kolumbien-2017-D_Seite_1-724x1024.jpg 724w, https:\/\/www.stopptgennahrungsmittel.de\/wp-content\/uploads\/2014\/12\/PM-1-Kolumbien-2017-D_Seite_1-106x150.jpg 106w, https:\/\/www.stopptgennahrungsmittel.de\/wp-content\/uploads\/2014\/12\/PM-1-Kolumbien-2017-D_Seite_1.jpg 794w\" sizes=\"auto, (max-width: 212px) 100vw, 212px\" \/><\/a><figcaption class=\"wp-element-caption\">Pressemitteilung deutsch<\/figcaption><\/figure>\n<\/div>\n\n<div class=\"wp-block-image\">\n<figure class=\"alignleft\"><a href=\"http:\/\/www.stopptgennahrungsmittel.de\/wp-content\/uploads\/2014\/12\/PM-1-Kolumbien-2017.pdf\"><img loading=\"lazy\" decoding=\"async\" width=\"212\" height=\"300\" src=\"http:\/\/www.stopptgennahrungsmittel.de\/wp-content\/uploads\/2014\/12\/Seiten-aus-PM-1-Kolumbien-2017-212x300.jpg\" alt=\"\" class=\"wp-image-872\" srcset=\"https:\/\/www.stopptgennahrungsmittel.de\/wp-content\/uploads\/2014\/12\/Seiten-aus-PM-1-Kolumbien-2017-212x300.jpg 212w, https:\/\/www.stopptgennahrungsmittel.de\/wp-content\/uploads\/2014\/12\/Seiten-aus-PM-1-Kolumbien-2017-768x1086.jpg 768w, https:\/\/www.stopptgennahrungsmittel.de\/wp-content\/uploads\/2014\/12\/Seiten-aus-PM-1-Kolumbien-2017-724x1024.jpg 724w, https:\/\/www.stopptgennahrungsmittel.de\/wp-content\/uploads\/2014\/12\/Seiten-aus-PM-1-Kolumbien-2017-106x150.jpg 106w, https:\/\/www.stopptgennahrungsmittel.de\/wp-content\/uploads\/2014\/12\/Seiten-aus-PM-1-Kolumbien-2017.jpg 794w\" sizes=\"auto, (max-width: 212px) 100vw, 212px\" \/><\/a><figcaption class=\"wp-element-caption\">Pressemitteilung espagnol<\/figcaption><\/figure>\n<\/div>\n\n\n<h3 class=\"wp-block-heading\">&nbsp;<\/h3>\n\n\n\n<h3 class=\"wp-block-heading\">&nbsp;<\/h3>\n\n\n\n<h3 class=\"wp-block-heading\">&nbsp;<\/h3>\n\n\n\n<h3 class=\"wp-block-heading\">&nbsp;<\/h3>\n\n\n\n<h3 class=\"wp-block-heading\">&nbsp;<\/h3>\n\n\n<div class=\"wp-block-image\">\n<figure class=\"alignleft\"><a href=\"http:\/\/www.stopptgennahrungsmittel.de\/wp-content\/uploads\/2014\/12\/Kopie-von-IMG_0405.jpg\"><img loading=\"lazy\" decoding=\"async\" width=\"300\" height=\"200\" src=\"http:\/\/www.stopptgennahrungsmittel.de\/wp-content\/uploads\/2014\/12\/Kopie-von-IMG_0405-300x200.jpg\" alt=\"\" class=\"wp-image-884\" srcset=\"https:\/\/www.stopptgennahrungsmittel.de\/wp-content\/uploads\/2014\/12\/Kopie-von-IMG_0405-300x200.jpg 300w, https:\/\/www.stopptgennahrungsmittel.de\/wp-content\/uploads\/2014\/12\/Kopie-von-IMG_0405-768x512.jpg 768w, https:\/\/www.stopptgennahrungsmittel.de\/wp-content\/uploads\/2014\/12\/Kopie-von-IMG_0405-150x100.jpg 150w, https:\/\/www.stopptgennahrungsmittel.de\/wp-content\/uploads\/2014\/12\/Kopie-von-IMG_0405.jpg 800w\" sizes=\"auto, (max-width: 300px) 100vw, 300px\" \/><\/a><\/figure>\n<\/div>\n\n\n<figure class=\"wp-block-image\"><a href=\"http:\/\/www.stopptgennahrungsmittel.de\/wp-content\/uploads\/2014\/12\/Kopie-von-IMG_0388.jpg\"><img loading=\"lazy\" decoding=\"async\" width=\"300\" height=\"225\" src=\"http:\/\/www.stopptgennahrungsmittel.de\/wp-content\/uploads\/2014\/12\/Kopie-von-IMG_0388-300x225.jpg\" alt=\"\" class=\"wp-image-883\" srcset=\"https:\/\/www.stopptgennahrungsmittel.de\/wp-content\/uploads\/2014\/12\/Kopie-von-IMG_0388-300x225.jpg 300w, https:\/\/www.stopptgennahrungsmittel.de\/wp-content\/uploads\/2014\/12\/Kopie-von-IMG_0388-768x576.jpg 768w, https:\/\/www.stopptgennahrungsmittel.de\/wp-content\/uploads\/2014\/12\/Kopie-von-IMG_0388-150x113.jpg 150w, https:\/\/www.stopptgennahrungsmittel.de\/wp-content\/uploads\/2014\/12\/Kopie-von-IMG_0388.jpg 800w\" sizes=\"auto, (max-width: 300px) 100vw, 300px\" \/><\/a><\/figure>\n\n\n\n<p><\/p>\n\n\n\n<p class=\"has-text-align-left\">German Velez (Grupo Semillas) und Christiane L\u00fcst (Aktion GEN-Klage) berichten dem UN Menschenrechtsausschuss \u00fcber Verst\u00f6\u00dfe gegen die Menschenrechte in Kolumbien<\/p>\n\n\n\n<hr class=\"wp-block-separator has-alpha-channel-opacity\"\/>\n\n\n\n<p><iframe loading=\"lazy\" src=\"https:\/\/www.youtube.com\/embed\/pOH03DhTug0\" width=\"854\" height=\"480\" frameborder=\"0\" allowfullscreen=\"allowfullscreen\"><\/iframe><\/p>\n\n\n\n<hr class=\"wp-block-separator has-alpha-channel-opacity\"\/>\n\n\n\n<p><strong>Pressekonferenz im Club Suisse de la Presse (espagnol)<\/strong><\/p>\n\n\n\n<p><iframe loading=\"lazy\" src=\"https:\/\/www.youtube.com\/embed\/xSps6suseP8\" width=\"750\" height=\"400\" frameborder=\"0\" allowfullscreen=\"allowfullscreen\"><\/iframe><\/p>\n\n\n\n<hr class=\"wp-block-separator has-alpha-channel-opacity\"\/>\n\n\n\n<h3 class=\"wp-block-heading\">Parallelbericht 2010<\/h3>\n\n\n<div class=\"wp-block-image\">\n<figure class=\"alignleft\"><a href=\"http:\/\/www.stopptgennahrungsmittel.de\/wp-content\/uploads\/2014\/12\/Seiten-aus-Parallel-report-Columbia-english3.jpg\"><img loading=\"lazy\" decoding=\"async\" width=\"225\" height=\"300\" src=\"http:\/\/www.stopptgennahrungsmittel.de\/wp-content\/uploads\/2014\/12\/Seiten-aus-Parallel-report-Columbia-english3-225x300.jpg\" alt=\"Seiten aus Parallel report Columbia english\" class=\"wp-image-467\" srcset=\"https:\/\/www.stopptgennahrungsmittel.de\/wp-content\/uploads\/2014\/12\/Seiten-aus-Parallel-report-Columbia-english3-225x300.jpg 225w, https:\/\/www.stopptgennahrungsmittel.de\/wp-content\/uploads\/2014\/12\/Seiten-aus-Parallel-report-Columbia-english3-113x150.jpg 113w, https:\/\/www.stopptgennahrungsmittel.de\/wp-content\/uploads\/2014\/12\/Seiten-aus-Parallel-report-Columbia-english3.jpg 768w\" sizes=\"auto, (max-width: 225px) 100vw, 225px\" \/><\/a><figcaption class=\"wp-element-caption\">Parallelbericht englisch<\/figcaption><\/figure>\n<\/div>\n\n<div class=\"wp-block-image\">\n<figure class=\"alignleft\"><a href=\"http:\/\/www.stopptgennahrungsmittel.de\/wp-content\/uploads\/2014\/12\/parallelbercht-Kolumbien-spanisch1.pdf\"><img loading=\"lazy\" decoding=\"async\" width=\"232\" height=\"300\" src=\"http:\/\/www.stopptgennahrungsmittel.de\/wp-content\/uploads\/2014\/12\/Seiten-aus-parallelbercht-Kolumbien-spanisch-232x300.jpg\" alt=\"Seiten aus parallelbercht Kolumbien - spanisch\" class=\"wp-image-468\" srcset=\"https:\/\/www.stopptgennahrungsmittel.de\/wp-content\/uploads\/2014\/12\/Seiten-aus-parallelbercht-Kolumbien-spanisch-232x300.jpg 232w, https:\/\/www.stopptgennahrungsmittel.de\/wp-content\/uploads\/2014\/12\/Seiten-aus-parallelbercht-Kolumbien-spanisch-116x150.jpg 116w, https:\/\/www.stopptgennahrungsmittel.de\/wp-content\/uploads\/2014\/12\/Seiten-aus-parallelbercht-Kolumbien-spanisch.jpg 768w\" sizes=\"auto, (max-width: 232px) 100vw, 232px\" \/><\/a><figcaption class=\"wp-element-caption\">Parallelbericht spanisch<\/figcaption><\/figure>\n<\/div>\n\n<div class=\"wp-block-image\">\n<figure class=\"alignleft\"><a href=\"http:\/\/www.stopptgennahrungsmittel.de\/wp-content\/uploads\/2014\/12\/Parallelbericht-Kolumbien-PM-concludings-spanisch.pdf\"><img loading=\"lazy\" decoding=\"async\" width=\"232\" height=\"300\" src=\"http:\/\/www.stopptgennahrungsmittel.de\/wp-content\/uploads\/2014\/12\/Seiten-aus-Parallelbericht-Kolumbien-PM-concludings-spanisch-232x300.jpg\" alt=\"Seiten aus Parallelbericht Kolumbien PM concludings spanisch\" class=\"wp-image-469\" srcset=\"https:\/\/www.stopptgennahrungsmittel.de\/wp-content\/uploads\/2014\/12\/Seiten-aus-Parallelbericht-Kolumbien-PM-concludings-spanisch-232x300.jpg 232w, https:\/\/www.stopptgennahrungsmittel.de\/wp-content\/uploads\/2014\/12\/Seiten-aus-Parallelbericht-Kolumbien-PM-concludings-spanisch-116x150.jpg 116w, https:\/\/www.stopptgennahrungsmittel.de\/wp-content\/uploads\/2014\/12\/Seiten-aus-Parallelbericht-Kolumbien-PM-concludings-spanisch.jpg 768w\" sizes=\"auto, (max-width: 232px) 100vw, 232px\" \/><\/a><figcaption class=\"wp-element-caption\">UN-Concludings spanisch<\/figcaption><\/figure>\n<\/div>\n\n\n<hr class=\"wp-block-separator has-alpha-channel-opacity\"\/>\n\n\n\n<h3 class=\"wp-block-heading\">Pressemitteilung vom 01.06.2010:<\/h3>\n\n\n\n<h4 class=\"wp-block-heading\">UN-Menschenrechtsausschuss fordert Stop von Menschenrechtsverletzungen in Kolumbien:<\/h4>\n\n\n\n<h5 class=\"wp-block-heading\"><strong>Stop von Gen-Mais in Kolumbien reduziert Zunahme von Armut und Unterern\u00e4hrung und garantiert die <\/strong><strong>Erhaltung der&nbsp;Lebensgrundlagen der Ureinwohner<\/strong><\/h5>\n\n\n\n<p>Christiane L\u00fcst von der Aktion GEN-Klage&nbsp;hat gegen das&nbsp;f\u00fcnfte &nbsp;Land Klage wegen Menschenrechtsverletzungen durch Nutzung der Agro-Gentechnik vor dem Menschenrechts-ausschuss der Vereinten Nationen eingereicht \u2013 gemeinsam mit der kolumbianischen NGO Grupo Semilla gegen die kolumbianische Regierung.<\/p>\n\n\n\n<p>Der UN-Menschenrechtsausschuss hat nun &#8211; nach 3 -w\u00f6chiger Sitzung die concluding observations &#8211; die Aufforderungen an die kolumbianische &nbsp;Regierung Menschenrecht-verletzungen sofort zu beenden &#8211; ins Internet gestellt.<\/p>\n\n\n\n<p>Das Komitee fordert darin die kolumbianische Regierung auf die Armut, vor allem Hunger und Unterern\u00e4hrung,&nbsp; effektiv zu bek\u00e4mpfen und zu reduzieren. Der Ausschuss fordert, dass die Regierung in ihrer Landwirtschaftspolitik&nbsp; die Nahrungsmittelproduktion f\u00fcr den Eigenbedarf \u2013 und nicht f\u00fcr den Export &#8211; absolut&nbsp; an oberste Stelle stellt und dazu grade die Kleinbauern&nbsp; f\u00f6rdert und in ihrer Unabh\u00e4ngigkeit unterst\u00fctzt.<\/p>\n\n\n\n<p>\u201eIn Kolumbien&nbsp;hat&nbsp;die Regierung&nbsp;in den letzten Jahren&nbsp;den Anbau u. a. von verschiedenen Sorten von &nbsp;Genmais&nbsp;erlaubt. Die kolumbianischen Ureinwohner und Kleinbauern haben rund 30 Maissorten, durch deren Anbau sie ihre Ern\u00e4hrungsgrundlagen sichern. Diese ist durch die Kontamination durch Genmais nun&nbsp; unwiderruflich bedroht. Die vorgeschriebenen Sicherheitsabst\u00e4nde von 300 Metern sch\u00fctzen nicht, wie Beispiele &#8211; Mexiko, Kanada usw. &#8211; beweisen.&#8220; so German Velez. &#8222;Die Aufforderung des &nbsp;Ausschusses an die Regierung bedeutet&nbsp; den sofortigen Stopp von GVO-Saaten . Nur so kann die Ern\u00e4hrungssouveranit\u00e4t &#8211; die alten Maissorten &#8211; &nbsp;gesch\u00fctzt werden, um die Erhaltung der&nbsp;Lebensgrundlagen der Ureinwohner zu garantieren. In Kolumbien wird bereits jetzt 70 % der Nahrungsmittel importiert &#8211; Tendenz steigend &#8211; Landflucht und Armut steigen drastisch.&#8220;<\/p>\n\n\n\n<p>Geklagt&nbsp;hat Christiane L\u00fcst&nbsp;in den vergangenen Jahren bereits gegen die Folgen der Agro-Gentechnik in &nbsp;\u00d6sterreich, Kanada, Indien und Brasilien vor dem UN-Menschenrechtsausschuss.<\/p>\n\n\n\n<p>Mit Erfolg: &#8222;Der UN-Ausschuss hat&nbsp;gegen Indien erstmals die Einf\u00fchrung der Gentechnik in der Landwirtschaft als&nbsp; Menschenrechtsverletzung ger\u00fcgt und eine Regierung aufgefordert, den Zugang&nbsp; der Bauern zum alten wiederverwendbaren Saatgut zu sch\u00fctzen und&nbsp;die&nbsp;Abh\u00e4ngigkeit von Konzernen zu beseitigen &#8211; &nbsp;sowie letztes Jahr gegen Brasilien durch einen Stop der Abholzung der Urw\u00e4lder &#8211; meist f\u00fcr&nbsp;Anbaufl\u00e4chen von Gensoja &#8211;&nbsp;&nbsp;weitere&nbsp;Zerst\u00f6rung der Lebensgrundlagen von indigenen V\u00f6lkern&nbsp;und Kleinbauern, Landkonzentration, Sklavenarbeit, Landflucht und Zunahme&nbsp;der Armut zu verhindern.&#8220; so L\u00fcst.<\/p>\n\n\n\n<p>&nbsp;<\/p>\n","protected":false},"excerpt":{"rendered":"<p>Parallelbericht 2017 &nbsp; &nbsp; &nbsp; &nbsp; &nbsp; &nbsp; &nbsp; &nbsp; &nbsp; &nbsp; &nbsp; &nbsp; &nbsp; &nbsp; zum UN-Dokumentenarchiv: CESCR &#8211; International Covenant on Economic, Social and Cultural Rights62 Session (18 Sep 2017 &#8211; 06 Oct 2017) &nbsp; &nbsp; &nbsp; &nbsp; &nbsp; &nbsp; German Velez (Grupo Semillas) und Christiane L\u00fcst (Aktion\u2026<\/p>\n<p> <a class=\"continue-reading-link\" href=\"https:\/\/www.stopptgennahrungsmittel.de\/?page_id=133\"><span>weiter lesen &#8230;<\/span><i class=\"crycon-right-dir\"><\/i><\/a> <\/p>\n","protected":false},"author":1,"featured_media":0,"parent":11,"menu_order":0,"comment_status":"closed","ping_status":"closed","template":"","meta":{"jetpack_post_was_ever_published":false,"footnotes":""},"class_list":["post-133","page","type-page","status-publish","hentry"],"jetpack_sharing_enabled":true,"jetpack_shortlink":"https:\/\/wp.me\/P7YsNH-29","_links":{"self":[{"href":"https:\/\/www.stopptgennahrungsmittel.de\/index.php?rest_route=\/wp\/v2\/pages\/133","targetHints":{"allow":["GET"]}}],"collection":[{"href":"https:\/\/www.stopptgennahrungsmittel.de\/index.php?rest_route=\/wp\/v2\/pages"}],"about":[{"href":"https:\/\/www.stopptgennahrungsmittel.de\/index.php?rest_route=\/wp\/v2\/types\/page"}],"author":[{"embeddable":true,"href":"https:\/\/www.stopptgennahrungsmittel.de\/index.php?rest_route=\/wp\/v2\/users\/1"}],"replies":[{"embeddable":true,"href":"https:\/\/www.stopptgennahrungsmittel.de\/index.php?rest_route=%2Fwp%2Fv2%2Fcomments&post=133"}],"version-history":[{"count":48,"href":"https:\/\/www.stopptgennahrungsmittel.de\/index.php?rest_route=\/wp\/v2\/pages\/133\/revisions"}],"predecessor-version":[{"id":1319,"href":"https:\/\/www.stopptgennahrungsmittel.de\/index.php?rest_route=\/wp\/v2\/pages\/133\/revisions\/1319"}],"up":[{"embeddable":true,"href":"https:\/\/www.stopptgennahrungsmittel.de\/index.php?rest_route=\/wp\/v2\/pages\/11"}],"wp:attachment":[{"href":"https:\/\/www.stopptgennahrungsmittel.de\/index.php?rest_route=%2Fwp%2Fv2%2Fmedia&parent=133"}],"curies":[{"name":"wp","href":"https:\/\/api.w.org\/{rel}","templated":true}]}}