{"id":114,"date":"2014-12-16T13:30:32","date_gmt":"2014-12-16T13:30:32","guid":{"rendered":"http:\/\/www.stopptgennahrungsmittel.de\/?page_id=114"},"modified":"2015-01-27T11:52:00","modified_gmt":"2015-01-27T11:52:00","slug":"amflora-klage","status":"publish","type":"page","link":"https:\/\/www.stopptgennahrungsmittel.de\/?page_id=114","title":{"rendered":"Amflora-Klage"},"content":{"rendered":"<h3>Pressemitteilung\u00a0\u00a0 13.12.13<\/h3>\n<h4>Erfolg: Aktion GEN-Klage stoppt Genkartoffel &#8222;Amflora&#8220;<\/h4>\n<p>Der EUGH hat heute das Verbot der Amflora-Kartoffel verk\u00fcndet. Grund sind Verfahrensfehler der EU-Kommission bei der Zulassung als Futtermittel und f\u00fcr die industrielle Verwendung durch den Chemiekonzern BASF.<\/p>\n<p>Die Aktion GEN-Klage, ein internationales Netzwerk von mittlerweile \u00fcber 60 Organisationen weltweit, dass sich 2006 mit dem Ziel zusammengeschlossen hat, GEN-Zulassungen f\u00fcr den Anbau in Europa juristisch zu stoppen, hatte urspr\u00fcnglich vor, die Zulassung von MON 810 gerichtlich zu stoppen. Dann kam die Genehmigung von Amflora dazwischen und das B\u00fcndnis gab umgehend bei ihrem Juristen Christoph Palme die juristische Einwendung in Auftrag, sammelte das Geld daf\u00fcr und suchte eine Regierung bzw. NGO eines europ\u00e4ischen Landes, das in ihrem Auftrag das Verfahren durchf\u00fchrte. Die Ungarn waren gleich dabei. \u00d6sterreich folgte. Die Klage wurde exakt mit den Argumenten gewonnen, welche die Aktion Gen-Klage entwickelt hatte. Die Verl\u00e4ngerung der ausgelaufenen Zulassung von MON 810 ist bis jetzt noch nicht wieder auf der Tagesordnung.<\/p>\n<p>Mit dem heutigen Tage hat der EUGH die Amflora-Kartoffel definitiv gestoppt. \u201cDamit ist ein Bann gebrochen \u2013 die Zulassungsverfahren auf EU-Ebene sind so fehlerhaft \u2013 das hat sogar der EUGH eingesehen, dass das so nicht gehen kann, so\u00a0 Christiane L\u00fcst, Gr\u00fcnderin und Sprecherin der Aktion GEN-Klage in ihrer Pressemitteilung. \u201cUnd wir haben bewiesen, dass es geht, mit juristischen Schritten die GEN-Zulassungen in Europa zu verhindern! Wir werden umgehend aktiv werden und deutlich machen, dass wir f\u00fcr die anstehende Genehmigung des n\u00e4chsten Genmais zum Anbau. im Januar umgehend auch ein Veto einlegen werden\u00a0 und hoffen, dass das vorab schon ausreicht, um die EU zum Nicht-Zulassen zu bewegen. Sollte das nichts n\u00fctzen, werden wir weitermachen und haben umso mehr Aussicht auf Erfolg! so L\u00fcst zuversichtlich.<\/p>\n<hr \/>\n<p><a href=\"http:\/\/www.stopptgennahrungsmittel.de\/wp-content\/uploads\/2014\/12\/CJE-13-160_DE.pdf\">Pressemitteilung der EU-Kommission<\/a><\/p>\n<p><a href=\"http:\/\/www.stopptgennahrungsmittel.de\/wp-content\/uploads\/2014\/12\/Urteil-zu-Gen-Food_-Was-das-Amflora-Verbot-f\u00fcr-Verbraucher-bedeutet-SPIEGEL-ONLINE.pdf\">Urteil zu Gen-Food_ Was das Amflora-Verbot f\u00fcr Verbraucher bedeutet &#8211; SPIEGEL ONLINE<\/a><\/p>\n<p><a href=\"http:\/\/www.stopptgennahrungsmittel.de\/wp-content\/uploads\/2014\/12\/Genkartoffel-Urteil_-EU-Gericht-kippt-_Amflora_-Zulassung-_-tagesschau.pdf\">Genkartoffel-Urteil_ EU-Gericht kippt _Amflora_-Zulassung _ tagesschau<\/a><\/p>\n","protected":false},"excerpt":{"rendered":"<p>Pressemitteilung\u00a0\u00a0 13.12.13 Erfolg: Aktion GEN-Klage stoppt Genkartoffel &#8222;Amflora&#8220; Der EUGH hat heute das Verbot der Amflora-Kartoffel verk\u00fcndet. Grund sind Verfahrensfehler der EU-Kommission bei der Zulassung als Futtermittel und f\u00fcr die industrielle Verwendung durch den Chemiekonzern BASF. Die Aktion GEN-Klage, ein internationales Netzwerk von mittlerweile \u00fcber 60 Organisationen weltweit, dass sich\u2026<\/p>\n<p> <a class=\"continue-reading-link\" href=\"https:\/\/www.stopptgennahrungsmittel.de\/?page_id=114\"><span>weiter lesen &#8230;<\/span><i class=\"crycon-right-dir\"><\/i><\/a> <\/p>\n","protected":false},"author":1,"featured_media":0,"parent":0,"menu_order":0,"comment_status":"closed","ping_status":"closed","template":"","meta":{"jetpack_post_was_ever_published":false,"footnotes":""},"class_list":["post-114","page","type-page","status-publish","hentry"],"jetpack_sharing_enabled":true,"jetpack_shortlink":"https:\/\/wp.me\/P7YsNH-1Q","_links":{"self":[{"href":"https:\/\/www.stopptgennahrungsmittel.de\/index.php?rest_route=\/wp\/v2\/pages\/114","targetHints":{"allow":["GET"]}}],"collection":[{"href":"https:\/\/www.stopptgennahrungsmittel.de\/index.php?rest_route=\/wp\/v2\/pages"}],"about":[{"href":"https:\/\/www.stopptgennahrungsmittel.de\/index.php?rest_route=\/wp\/v2\/types\/page"}],"author":[{"embeddable":true,"href":"https:\/\/www.stopptgennahrungsmittel.de\/index.php?rest_route=\/wp\/v2\/users\/1"}],"replies":[{"embeddable":true,"href":"https:\/\/www.stopptgennahrungsmittel.de\/index.php?rest_route=%2Fwp%2Fv2%2Fcomments&post=114"}],"version-history":[{"count":6,"href":"https:\/\/www.stopptgennahrungsmittel.de\/index.php?rest_route=\/wp\/v2\/pages\/114\/revisions"}],"predecessor-version":[{"id":597,"href":"https:\/\/www.stopptgennahrungsmittel.de\/index.php?rest_route=\/wp\/v2\/pages\/114\/revisions\/597"}],"wp:attachment":[{"href":"https:\/\/www.stopptgennahrungsmittel.de\/index.php?rest_route=%2Fwp%2Fv2%2Fmedia&parent=114"}],"curies":[{"name":"wp","href":"https:\/\/api.w.org\/{rel}","templated":true}]}}